 g + 2*c - 75, -5*g - c = -b. What are the prime factors of g?
73
Let d be 4/6 + (-38584)/(-39). Suppose 0*k - d = -5*r + k, r - 4*k - 198 = 0. What are the prime factors of (-6)/8 - r/(-8)?
2, 3
Let f = -43 + 96. Let k = 3 + f. List the prime factors of k.
2, 7
Let f = -72 + 115. Suppose -k + 21 + 55 = 0. Let l = k - f. What are the prime factors of l?
3, 11
Suppose 0 = t + 8*t + 45. What are the prime factors of (-792)/t + 18/(-45) + -3?
5, 31
Let p(h) be the third derivative of -h**4/12 + h**3 + 10*h**2. What are the prime factors of p(-18)?
2, 3, 7
Let y(k) = -2*k - 24. Let r be y(-14). List the prime factors of (r - 0) + (-3 - -37).
2, 19
Let h = -52 - -54. Suppose -4*t - 3*s + 446 = 0, 0 = 7*t - 2*t - h*s - 569. What are the prime factors of t?
113
Suppose -3516 = -36*c + 24*c. What are the prime factors of c?
293
Let f be 1/2*-4 - -16. Suppose -f = -5*a + 6. Suppose -2*d + 49 = k, a*k + 28 + 10 = d. List the prime factors of d.
2, 13
Suppose -p - 20 = -6*p. Let f be 322/p + 2/4. List the prime factors of 8/(-3)*f/(-18).
2, 3
Suppose 3*o - u + 0*u = 1, 4*o - 13 = -u. Let q be (2 - (-4 + 4)) + o. List the prime factors of (205/10)/(1/q).
2, 41
Let o = -11 - -5. Let h be o/(-21) - (-216)/(-21). Let b = 13 - h. What are the prime factors of b?
23
Let j(l) = l**2 - 10*l + 12. Let k be j(9). Suppose 3 = k*w - 12. Suppose -w*s + 20 = -4*s. List the prime factors of s.
2, 5
What are the prime factors of (39 - -4) + -2 + -2?
3, 13
Let j = -1880 + 3576. What are the prime factors of j?
2, 53
Let d = 8 - 6. Suppose d*g - 14 = 4*b, b - 3*g - 9 + 0 = 0. Let x = 6 - b. List the prime factors of x.
2, 3
Let m = 724 + -431. List the prime factors of m.
293
Let g be 6/3 + 2/2. Suppose 0 = -g*b - 2*b + 250. List the prime factors of b.
2, 5
Suppose -35*h + 34*h = -1420. Suppose -5*l + l = -h. What are the prime factors of l/7 - 2/(-7)?
3, 17
Let w(o) = 16*o - 31. Let b(f) = 3*f - 6. Let i(x) = 11*b(x) - 2*w(x). Let s be i(7). List the prime factors of (s + 1)/1 - -16.
2, 5
Let t = 11535 + -7128. What are the prime factors of t?
3, 13, 113
Suppose 0 = -5*b - 5*h - 292 + 1777, -4*h = -3*b + 891. What are the prime factors of b?
3, 11
Suppose -26*c + 30*c = 540. What are the prime factors of c?
3, 5
Let d be ((-3)/(-2) + 0)*2. Suppose 0 = -u + 3*u - 26. List the prime factors of u/d - 4/12.
2
Let h be -174 - (-4 + (3 - -1)). Let c = -108 - h. List the prime factors of c.
2, 3, 11
Let g = 1358 - 1977. Let d = -277 - g. What are the prime factors of d?
2, 3, 19
Let d(w) be the third derivative of -7*w**4/6 - 2*w**2. List the prime factors of d(-1).
2, 7
Suppose 71*g = 2201 + 14768. What are the prime factors of g?
239
Let p(c) = c**3 - 5*c**2 + 8*c - 3. Let f = 19 - 16. Let t be p(f). Suppose t*o - 72 = -o. What are the prime factors of o?
2, 3
Suppose -2*m - 5*f = -293, -5*f + 578 = 4*m - 3*f. List the prime factors of m.
2, 3
Let z(v) = 14*v + 180. What are the prime factors of z(38)?
2, 89
Suppose 9*o = v + 4*o - 15, 3*o = -v - 1. Suppose -5*g = v*y - 20, -3*y = -2*g - 3*g - 28. Suppose -3*q + 75 + y = 0. List the prime factors of q.
3
Suppose 0 = 3*t - 88 + 13. Suppose -2*w - x = -0*x - t, x = -3*w + 40. What are the prime factors of w?
3, 5
Let g(a) = -3*a - 12. Let c be g(-6). Let d(v) = 19 - c*v**2 + 2*v**3 - 2*v**3 + v**3 - 14*v. What are the prime factors of d(8)?
5, 7
Suppose 12*s - 53*s = -74948. What are the prime factors of s?
2, 457
Let c be (1/(-1))/(1 + 0). Let q be 1 + (-2 - (c + 0)). Suppose 3*l - 99 = 3*x, q = -3*l - 0*l + 5*x + 109. What are the prime factors of l?
2, 7
Let t(a) = 308*a**2 + 50*a - 224. What are the prime factors of t(4)?
2, 613
Suppose 3*z + 32 = -16. Let x be -2*7*24/z. List the prime factors of (-213)/(-7) + (-9)/x.
2, 3, 5
Let j(o) = 45*o**2 + o. Let r be j(1). Suppose -5*l + 115 = -0*t - 5*t, 2*l - r = 3*t. Suppose l = q - 0*q. What are the prime factors of q?
23
Let b be (-4)/(7 - -1)*-8. Suppose b*h + 4*g - 560 = -0*g, 440 = 3*h - 2*g. List the prime factors of h.
2, 3
Suppose 40 = 5*n - 0. Suppose -3*m + m = -n. Suppose 0 = 4*r - o - 176, 5*o - 132 = -m*r + r. List the prime factors of r.
2, 11
Let p be 3*(0 + 4 + -3). Suppose -c - c + 156 = -4*x, 5*c = p*x + 117. Let s = x - -56. What are the prime factors of s?
17
Suppose 4*d - 10*d + 42 = 0. Suppose 0 = -0*u - d*u + 532. List the prime factors of u.
2, 19
What are the prime factors of (18 - 1)/(20/660)?
3, 11, 17
Let c(s) = s**2 - 4. Let t be c(-3). Suppose 4*l - 285 = t*n, 4*l - 5*l - 2*n + 55 = 0. What are the prime factors of l?
5, 13
Let t(q) = 6*q**2 + 6*q**2 + 8*q - 7*q**2 - 4 - 3. List the prime factors of t(-4).
41
Let w(q) = q**3 + 5*q**2 - 3*q - 12. Let a = 9 - 8. Let f be (3 - a)*45/(-18). List the prime factors of w(f).
3
List the prime factors of 315680/360 + (-3)/81*-3.
877
Suppose -2*r + 2*f = 6*f - 20, 0 = -r + 5*f - 18. Let c(b) = 30*b**2 - 3*b - 1. List the prime factors of c(r).
113
Let j(w) = w**3 + 5*w**2 + 8*w + 6. Let s be j(-3). Suppose 2*y = -3*x + 147, s*x - 5*y + 196 = 4*x. List the prime factors of x.
7
Let i(g) = 2*g + g**2 - 48*g**3 + 47*g**3 + 1 + 0*g**2 - 3*g**2. Suppose -12 = 3*z - 0*z. List the prime factors of i(z).
5
Let w(s) = 20*s**2 + 4*s - 3. What are the prime factors of w(4)?
3, 37
Let p be (4 + -5)/((-1)/64). Let l be (-1)/(-2) - (-93)/2. Suppose -p = -3*o + 4*f, -4*o + f + l = -47. List the prime factors of o.
2, 3
Suppose 0 = 4*l - 5913 - 7171. What are the prime factors of l?
3271
Let a(r) = -r + 9. Let g = -3 + 10. Let t be a(g). Suppose 4*z - 129 = -5*o, 0 = 3*z - 4*z - t*o + 33. List the prime factors of z.
31
Let z(y) = -14*y + 1. Let t be z(1). Let q be 110/4*(15 + t). Suppose -g = -3*l - q, -4*l + 130 = 2*g - 0*l. List the prime factors of g.
61
Suppose -p = -2*b - 36, 0 = -5*b + 3*p - 93 + 2. Let x = b - -67. List the prime factors of x.
2, 5
Let j = -103 - -145. Suppose -4*c = 2*c - j. What are the prime factors of c?
7
Let c = 337 + -250. List the prime factors of c.
3, 29
Suppose -3*c = -6, 5 = -3*g - 3*c + 2. Let t = -12 - g. What are the prime factors of (-30)/t*(-24)/(-4)?
2, 5
Let s be (-2)/(-14) + (-123)/(-21). Suppose -r - r = -s. Suppose 264 = 3*n + r*n. What are the prime factors of n?
2, 11
Suppose 44*p - 4*m + 750 = 45*p, 0 = p + 2*m - 754. List the prime factors of p.
2, 379
Let u be 3/(-1)*24/(-8). Let t(v) = -v**3 + 9*v**2 + 8*v + 9. List the prime factors of t(u).
3
Let n = -1321 - -3816. What are the prime factors of n?
5, 499
Let q(t) = 6*t**2 + 13*t + 5. Let c(n) = -7*n**2 - 13*n - 5. Let g(w) = -5*c(w) - 6*q(w). What are the prime factors of g(-7)?
37
Suppose -754 = -2*j + 1154. What are the prime factors of j?
2, 3, 53
Let r(u) = -8*u - 22. Suppose 0 = -7*z - 52 - 25. List the prime factors of r(z).
2, 3, 11
Let s = 98 - 88. Suppose -4*o - 420 = -s*o. List the prime factors of o.
2, 5, 7
Suppose 4*j - 870 = -2*p, 5*j + 20*p - 1080 = 15*p. List the prime factors of j.
3, 73
Let u(q) = -q**3 - 5*q**2 + 17*q - 10. List the prime factors of u(-15).
5, 397
Let h = 18 - 51. Let t be h/(-11) + 0 + -1. List the prime factors of t/(-4) - 1404/(-24).
2, 29
Let r be ((12/(-5))/(2/230))/(-1). Suppose -3*q - m - m + r = 0, -4*q + 364 = 4*m. List the prime factors of q.
2, 47
Suppose 3*v - 3*y - 5136 = -6*y, -5137 = -3*v - 2*y. List the prime factors of v.
3, 571
Suppose -9*p + 10*p - 5998 = -5*j, -4*j - 2*p + 4802 = 0. List the prime factors of j.
11, 109
Let u(q) = -33*q + 13. List the prime factors of u(-13).
2, 13, 17
What are the prime factors of (-56529)/(-44) - (-3)/12?
5, 257
What are the prime factors of (-1 - (4 + -4))/((-12)/47688)?
2, 1987
Let b(g) = 3*g**2 + 5*g - 7. Let p be 116/(-14) + 46/161. Let m be b(p). Suppose -12*l = -7*l - m. What are the prime factors of l?
29
Suppose -22*c - 10 = -23*c. Suppose c = 3*f - 80. What are the prime factors of f?
2, 3, 5
Let j = 1733 + -1002. What are the prime factors of j?
17, 43
Suppose -c + 1 = -9. Let z(h) = 2*h - c*h - 88 + 82. List the prime factors of z(-9).
2, 3, 11
Let q(o) = 2*o + 13. Let l(u) = -u - 1. Let k(p) = l(p) + q(p). Let h be k(-5). Suppose 129 = h*c - 305. List the prime factors of c.
2, 31
List the prime factors of 1/3 + 125/75 + 1546.
2, 3, 43
Suppose 0*a - 2*y = -a + 874, -5*a - 5*y = -4310. List the prime factors of a.
